f - 1. Let y be p(-4). Suppose -3*q - y - 74 = 0. Let h = -12 - q. List the prime factors of h.
3, 5
Let l = -3 + 68. Suppose 3*c - l - 7 = 0. What are the prime factors of c?
2, 3
Let i = -44 - -68. Let n(x) = x**3 - 4*x**2 - 2*x + 2. Let l be n(3). Let b = i + l. List the prime factors of b.
11
Suppose -4*c + x - 41 = -2*x, -3*x + 30 = -3*c. Let l = c + 22. Let m = l + -5. What are the prime factors of m?
2, 3
Let z(m) = m + 1. Let c(g) = g + 2. Let b(q) = 2*c(q) - 3*z(q). Let k be b(-2). Suppose -6 + 63 = 4*x + j, -3*x + 36 = k*j. List the prime factors of x.
3, 5
Suppose 0 = 4*f - o - 209, -2*f + 7*f + 2*o = 245. What are the prime factors of f?
3, 17
Let b = -159 - -293. List the prime factors of b.
2, 67
Let p(n) = n**3 + 3*n**2 - n + 1. Let c be p(-3). Let f be 9/2 + (-2)/c. Suppose -12 + f = -4*y. List the prime factors of y.
2
Let k = -29 - -48. Suppose 0 = 5*u + 5*r - 40, 0*u + 2*r = -3*u + k. What are the prime factors of u?
3
Suppose 4*n = -2*t + 38, -5*n + 36 + 7 = -2*t. Suppose -5*b + n*b - 148 = 0. List the prime factors of b.
37
Let b(z) = z**2 + 7*z - 10. Let q be b(-7). What are the prime factors of q/(-50) - (-358)/10?
2, 3
Let b(d) = d + 4. List the prime factors of b(0).
2
Suppose -4*g - g - 5 = -o, -4*g = 4*o - 20. Let w = 14 + g. What are the prime factors of w?
2, 7
Let l be -1*3/(3/3). What are the prime factors of ((-6)/4)/(l/4)?
2
Let n(t) = 2*t + 20. Let v = -16 + 16. List the prime factors of n(v).
2, 5
Suppose 6*w - 2*w = 292. What are the prime factors of w?
73
What are the prime factors of 314/6*3*2?
2, 157
Let c = -13 - -8. Let q be (-47)/(-7) - 6/(-21). Let y = q + c. What are the prime factors of y?
2
Suppose -20 = a - 5*a. Suppose -a*q = -q - 36. What are the prime factors of q?
3
Suppose -3*z = -4*i + 25 - 9, 2*z + 10 = 3*i. Let b(t) = -t**3 - 8*t**2 - 6*t - 3. Let q be b(z). Suppose -2*w - q = -5*w. What are the prime factors of w?
3, 5
Let l(k) be the third derivative of k**5/12 - k**3/6 + 2*k**2. Let g be l(-1). Suppose c = -c + 5*i + 42, i + g = 0. What are the prime factors of c?
11
Let w(f) = 2*f + 41. What are the prime factors of w(-6)?
29
Suppose l + 3*l = -b + 40, 3*l = b + 37. What are the prime factors of l?
11
Let f(d) be the third derivative of d**5/30 + d**4/24 + d**3/6 + 2*d**2. What are the prime factors of f(-3)?
2
Let c(s) be the first derivative of -s**3/3 - 4*s**2 + 3*s + 1. What are the prime factors of c(-7)?
2, 5
Let u = 655 - 374. What are the prime factors of u?
281
Let l be 20/5 - (-29 - 1). Let h be 0/(-1)*(-3 + 2). Suppose -2*s + h*s + l = 0. List the prime factors of s.
17
Let s(g) = -g**3 - 7*g**2 - 7*g - 7. Let r be s(-6). List the prime factors of -2 + r + 2 + 22.
3, 7
Let q be (-2)/10 + (-199)/5. Let f be (6/(-2))/(12/q). Suppose -5*a - 10 = f, -3*a = 5*n - 38. What are the prime factors of n?
2, 5
Let m(w) = 4 - 4 - 4*w. Let b be m(-2). Let p = 16 - b. List the prime factors of p.
2
Let t(a) = 2*a**3 - 1. Let g be t(-1). What are the prime factors of 28 + -2 + 3 + g?
2, 13
Let c(n) = 2*n**2 - 11*n - 25. Let a(z) = z**2 - 6*z - 13. Suppose -3*b = -b + 12. Let o(d) = b*c(d) + 11*a(d). List the prime factors of o(0).
7
Suppose 13 = 2*f + 1. What are the prime factors of f?
2, 3
Let i(d) = d**3 + 4*d**2 - 10*d - 8. Let z be i(-6). Let q = -12 - z. List the prime factors of (q + -2)/((-3)/(-4)).
2
Suppose a = 5*a - 8. Suppose -3*i + 75 + 45 = -2*w, a*w = 0. Suppose -l - i = -6*l. What are the prime factors of l?
2
Let g(d) = -d**2 - 28*d + 3. What are the prime factors of g(-24)?
3, 11
What are the prime factors of -4*(-4)/(-12)*138/(-2)?
2, 23
Let y be (6/5)/(1/5). Suppose v - 5 = y*v + 5*r, 3*r = -2*v - 7. What are the prime factors of v/(-6) - (-76)/6?
2, 3
What are the prime factors of (-1)/((-15)/6 - -3) - -207?
5, 41
Let l(w) = 7*w**3 + w**2 - 5*w + 2. Let b(n) = 10*n**3 + n**2 - 8*n + 3. Let u(o) = 5*b(o) - 7*l(o). List the prime factors of u(4).
13
Let t(i) = i**3 - i**2 - i + 1. Let j be t(0). Let n = -1 - j. List the prime factors of 1/(33/15 + n).
5
Let x(j) = -j**3 - 4*j**2 + 5*j + 3. Let s be x(-5). Let l = s + 1. What are the prime factors of l?
2
Suppose 4*g - 3*g - 4 = 0, -16 = 2*n - 5*g. Let a be (-94)/(-14) - n/(-7). Suppose a = -5*d + 77. List the prime factors of d.
2, 7
Suppose 5*z + 3 = -3*o, 0 = -4*o + 5*z - 1 - 3. Let c = 1 + o. Suppose c = -3*x + 4*t + 33, 4*x - 2*x + t = 11. List the prime factors of x.
7
What are the prime factors of 1*(4/(-1) - -117)?
113
Let u(q) = q**2 + 10*q - 4 - 2*q**2 + 0*q**2. List the prime factors of u(7).
17
Let h = 9 - 6. Suppose -z - 2*z + h*j = -54, 0 = -j - 3. What are the prime factors of z?
3, 5
Let g = -14 + 43. Let c = g + -18. What are the prime factors of c?
11
Suppose p - 12 = -2*p. What are the prime factors of p?
2
Let l = -2 + 12. Suppose -2*u = 3*u - l. Suppose -u = -4*i + 10, -4*t + i = -13. List the prime factors of t.
2
What are the prime factors of (7 - 2) + 134 + 6?
5, 29
Let u be 4/18 + (-1770)/(-54). Let s = u + -16. What are the prime factors of s?
17
Let i(l) = -l**3 + 9*l**2 + 13*l - 13. List the prime factors of i(10).
17
Let j(t) be the first derivative of -t**2 + 4*t + 3. List the prime factors of j(-4).
2, 3
Let j(a) be the second derivative of a**7/2520 - a**6/180 + a**5/120 + a**4/12 - 2*a. Let r(m) be the third derivative of j(m). List the prime factors of r(5).
2, 3
Let j = 79 - 34. List the prime factors of j.
3, 5
Let t(g) = -8*g - 7. Let z(x) = -7*x - 6. Let q(r) = 6*t(r) - 7*z(r). Let a be q(2). Let i = a + 0. List the prime factors of i.
2
Suppose 18*g = 13*g + 425. What are the prime factors of g?
5, 17
Let u = -21 + 39. List the prime factors of u.
2, 3
Let t be (-1 + 2)/(0 - -1). Let z = 3 + t. Let v = z + 1. What are the prime factors of v?
5
Let m be (-40)/25*40/(-2). Let b be m - 0 - (1 - 1). Suppose 4*k - 8 = b. List the prime factors of k.
2, 5
Suppose 3*y - 2*y = 26. List the prime factors of y.
2, 13
Suppose -5*w + 1473 = -2*j, -10*w + 11*w = -2*j + 297. List the prime factors of w.
5, 59
Let v = 1 - -2. Let x = v - -10. Let r = 23 - x. What are the prime factors of r?
2, 5
Let y be (6/5)/(1/5). Let p(z) = z + 3. Let m be p(y). Suppose 6*u - m = 5*u. List the prime factors of u.
3
Suppose v + 3*m - 408 = -2*v, 3*m - 672 = -5*v. List the prime factors of v.
2, 3, 11
List the prime factors of (-3 + 1 - 28)*-1.
2, 3, 5
Let o be 1 + 2 + (-1 - -2). Suppose -4*x + 2*u = -22, 5*u + 1 = 4*x - 3*x. Suppose 2*v = -o*t + 36, -3*t + 4*t = v - x. What are the prime factors of v?
2, 5
Suppose -4*x + x + 15 = 0. Suppose -3*q + q + 71 = x*v, 0 = -5*v + 3*q + 81. List the prime factors of v.
3, 5
Let y(o) = -21*o**3 - o**2 - 2*o. Let f be y(-1). Suppose -6 = s - f. What are the prime factors of s?
2
Let q = 11 - 4. Let l(x) = 5*x + 4*x - 2*x**2 + x**3 - 8 - 6*x**2. What are the prime factors of l(q)?
2, 3
Let s = -9 + 13. List the prime factors of 466/8 + s/(-16).
2, 29
Suppose -3*u - 24 = 3. Let h(c) = c**2 + 9*c + 4. Let w be h(u). Suppose -7*i + 42 = -w*i. List the prime factors of i.
2, 7
Let a(o) = 3*o - o + 2*o - 5*o. Let s = -6 + 0. What are the prime factors of a(s)?
2, 3
Suppose 4*d = d + 6. Suppose -7 = -y - d. List the prime factors of y.
5
Let m(y) = -y**2 + 8*y - 2. Let z(t) = -t + 8. Let b be z(6). Suppose 5*v = -4*q + 10, 4*q + 8 = -b*v - 0*v. List the prime factors of m(v).
2, 5
Suppose -2*b = d - 110, -74 = -d + b + 39. What are the prime factors of d?
2, 7
Let g(p) = 3*p - 1. Let t be -7 - (0 + (-3 - -2)). Let k be (-16)/t*(-6)/(-4). What are the prime factors of g(k)?
11
Suppose 5*u = 25, j - 3*u = 2*u + 36. List the prime factors of j.
61
Let d(k) = -k + 8. Let c(n) = 4. Let v(j) = 11*c(j) - 6*d(j). What are the prime factors of v(2)?
2
Suppose -p - 2*p + 24 = 0. Let c = p - -2. Suppose 3*i - 70 = -c. What are the prime factors of i?
2, 5
Let f be (14/(-5))/((-2)/5). Let v(x) = -x**2 + 9*x - 10. List the prime factors of v(f).
2
Suppose -4*m - 3 = 1. Let r(a) = -6*a + 1. What are the prime factors of r(m)?
7
Suppose -136 = -5*x + 274. List the prime factors of x.
2, 41
List the prime factors of (-4)/(-18) + 1452/(-27)*-1.
2, 3
Suppose 4*m - 3*w = 1072, 3*m + 273 = 4*m - 2*w. What are the prime factors of m?
5, 53
Let f(c) be the third derivative of c**5/20 - c**4/8 - 2